 is the remainder when 917 is divided by 132?
125
Calculate the remainder when 50 is divided by 42.
8
Calculate the remainder when 287 is divided by 48.
47
Calculate the remainder when 162 is divided by 82.
80
What is the remainder when 516 is divided by 88?
76
Calculate the remainder when 3616 is divided by 67.
65
Calculate the remainder when 467 is divided by 50.
17
What is the remainder when 922 is divided by 66?
64
Calculate the remainder when 496 is divided by 61.
8
Calculate the remainder when 1844 is divided by 71.
69
What is the remainder when 265 is divided by 156?
109
Calculate the remainder when 218 is divided by 207.
11
Calculate the remainder when 4030 is divided by 72.
70
What is the remainder when 322 is divided by 83?
73
What is the remainder when 15077 is divided by 65?
62
Calculate the remainder when 402 is divided by 13.
12
Calculate the remainder when 13 is divided by 6.
1
What is the remainder when 58 is divided by 17?
7
Calculate the remainder when 303 is divided by 2.
1
What is the remainder when 2153 is divided by 98?
95
What is the remainder when 401 is divided by 132?
5
Calculate the remainder when 210 is divided by 31.
24
What is the remainder when 149 is divided by 40?
29
Calculate the remainder when 144 is divided by 34.
8
What is the remainder when 18429 is divided by 72?
69
Calculate the remainder when 376 is divided by 136.
104
Calculate the remainder when 37 is divided by 18.
1
What is the remainder when 115 is divided by 16?
3
What is the remainder when 975 is divided by 40?
15
Calculate the remainder when 101 is divided by 6.
5
Calculate the remainder when 1527 is divided by 8.
7
What is the remainder when 3870 is divided by 124?
26
Calculate the remainder when 216 is divided by 14.
6
Calculate the remainder when 76 is divided by 24.
4
Calculate the remainder when 2216 is divided by 111.
107
Calculate the remainder when 2059 is divided by 230.
219
Calculate the remainder when 6645 is divided by 24.
21
What is the remainder when 472 is divided by 25?
22
What is the remainder when 282 is divided by 72?
66
Calculate the remainder when 8755 is divided by 398.
397
What is the remainder when 1325 is divided by 166?
163
Calculate the remainder when 3126 is divided by 779.
10
What is the remainder when 1766 is divided by 15?
11
What is the remainder when 2673 is divided by 103?
98
Calculate the remainder when 627 is divided by 63.
60
What is the remainder when 471 is divided by 120?
111
Calculate the remainder when 851 is divided by 101.
43
Calculate the remainder when 5052 is divided by 79.
75
What is the remainder when 308 is divided by 248?
60
What is the remainder when 401 is divided by 11?
5
Calculate the remainder when 856 is divided by 18.
10
What is the remainder when 412 is divided by 9?
7
What is the remainder when 238 is divided by 12?
10
What is the remainder when 429 is divided by 19?
11
Calculate the remainder when 496 is divided by 25.
21
Calculate the remainder when 2681 is divided by 117.
107
Calculate the remainder when 319 is divided by 169.
150
Calculate the remainder when 13766 is divided by 49.
46
Calculate the remainder when 768 is divided by 28.
12
What is the remainder when 744 is divided by 172?
56
Calculate the remainder when 708 is divided by 70.
8
What is the remainder when 689 is divided by 421?
268
What is the remainder when 44 is divided by 10?
4
Calculate the remainder when 682 is divided by 12.
10
Calculate the remainder when 354 is divided by 33.
24
Calculate the remainder when 6889 is divided by 16.
9
Calculate the remainder when 180 is divided by 145.
35
What is the remainder when 10059 is divided by 5?
4
What is the remainder when 53 is divided by 23?
7
What is the remainder when 139 is divided by 32?
11
What is the remainder when 38 is divided by 11?
5
What is the remainder when 24 is divided by 9?
6
Calculate the remainder when 240 is divided by 61.
57
Calculate the remainder when 336 is divided by 188.
148
Calculate the remainder when 3771 is divided by 37.
34
What is the remainder when 233 is divided by 35?
23
Calculate the remainder when 169 is divided by 34.
33
Calculate the remainder when 2818 is divided by 937.
7
Calculate the remainder when 264 is divided by 14.
12
Calculate the remainder when 231 is divided by 163.
68
Calculate the remainder when 1422 is divided by 164.
110
Calculate the remainder when 671 is divided by 226.
219
Calculate the remainder when 390 is divided by 49.
47
Calculate the remainder when 3087 is divided by 282.
267
What is the remainder when 328 is divided by 87?
67
What is the remainder when 987 is divided by 243?
15
What is the remainder when 1332 is divided by 43?
42
What is the remainder when 62 is divided by 54?
8
What is the remainder when 54 is divided by 25?
4
Calculate the remainder when 4976 is divided by 131.
129
Calculate the remainder when 440 is divided by 172.
96
What is the remainder when 212 is divided by 17?
8
Calculate the remainder when 421 is divided by 142.
137
What is the remainder when 108 is divided by 44?
20
What is the remainder when 33 is divided by 22?
11
What is the remainder when 683 is divided by 53?
47
Calculate the remainder when 530 is divided by 168.
26
Calculate the remainder when 489 is divided by 41.
38
What is the remainder when 58 is divided by 12?
10
What is the remainder when 149 is divided by 16?
5
Calculate the remainder when 374 is divided by 29.
26
Calculate the remainder when 1396 is divided by 427.
115
What is the remainder when 1587 is divided by 55?
47
What is the remainder when 7657 is divided by 20?
17
What is the remainder when 11854 is divided by 152?
150
Calculate the remainder when 1343 is divided by 28.
27
What is the remainder when 2888 is divided by 31?
5
Calculate the remainder when 434 is divided by 78.
44
Calculate the remainder when 1161 is divided by 96.
9
Calculate the remainder when 3734 is divided by 27.
8
Calculate the remainder when 525 is divided by 46.
19
What is the remainder when 79 is divided by 7?
2
Calculate the remainder when 304 is divided by 18.
16
What is the remainder when 105 is divided by 12?
9
Calculate the remainder when 238 is divided by 28.
14
Calculate the remainder when 65 is divided by 52.
13
Calculate the remainder when 2661 is divided by 2650.
11
Calculate the remainder when 311 is divided by 6.
5
Calculate the remainder when 275 is divided by 93.
89
What is the remainder when 95 is divided by 50?
45
What is the remainder when 239 is divided by 25?
14
Calculate the remainder when 98 is divided by 26.
20
Calculate the remainder when 436 is divided by 112.
100
What is the remainder when 3081 is divided by 206?
197
What is the remainder when 153 is divided by 37?
5
What is the remainder when 463 is divided by 29?
28
What is the remainder when 409 is divided by 82?
81
What is the remainder when 85 is divided by 22?
19
Calculate the remainder when 2110 is divided by 46.
40
What is the remainder when 8257 is divided by 153?
148
Calculate the remainder when 476 is divided by 40.
36
Calculate the remainder when 235 is divided by 219.
16
Calculate the remainder when 548 is divided by 135.
8
Calculate the remainder when 20 is divided by 17.
3
What is the remainder when 866 is divided by 4?
2
What is the remainder when 90 is divided by 24?
18
What is the remainder when 4316 is divided by 4305?
11
Calculate the remainder when 628 is divided by 21.
19
What is the remainder when 189 is divided by 53?
30
Calculate the remainder when 1452 is divided by 34.
24
What is the remainder when 114 is divided by 13?
10
What is the remainder when 698 is divided by 175?
173
Calculate the remainder when 205 is divided by 64.
13
Calculate the remainder when 40 is divided by 16.
8
Calculate the remainder when 238 is divided by 74.
16
Calculate the remainder when 3637 is divided by 54.
19
What is the remainder when 807 is divided by 66?
15
What is the remainder when 380 is divided by 193?
187
What is the remainder when 1165 is divided by 49?
38
What is the remainder when 463 is divided by 13?
8
Calculate the remainder when 4437 is divided by 185.
182
Calculate the remainder when 66 is divided by 15.
6
Calculate the remainder when 4334 is divided by 17.
16
Calculate the remainder wh